 h?
1
Suppose -7*u + 11*u = -5*f + 10058, f = 4*u + 2002. What is the units digit of f?
0
Let z(l) = -100*l + 8. What is the units digit of z(-12)?
8
Let b(h) = h**3 + 8*h**2 + 6. Let k be b(-7). Let a(q) = -35*q**3 + q**2 + q. Let s be a(-1). Suppose -s - k = -5*l. What is the units digit of l?
8
Let c = -1443 - -2607. What is the hundreds digit of c?
1
Let x be (-13)/(-52) - (-62)/8. Suppose -3*t + x*t = 500. What is the hundreds digit of t?
1
Suppose -f + 123 = -5*r, 2*f + f = -r + 385. What is the tens digit of f?
2
Let f(v) = v - 1. Let s(p) = 5*p - 66. Let b(i) = f(i) - s(i). What is the units digit of b(-7)?
3
Let u(r) = -2*r - 18. Suppose 3*j + 1 = -2*h, 5*j - 3*h - 35 = h. Suppose -j*p + 48 = -7*p. What is the units digit of u(p)?
6
Let s(h) = 4*h**2 - 3*h - 157. What is the thousands digit of s(30)?
3
Suppose 0*r = 5*r + 85. Let x = r - -197. What is the tens digit of x?
8
What is the units digit of (6424/(-12) - 8)*6/(-5)?
2
What is the hundreds digit of (-29 - -33 - (-4817)/4)*4?
8
Let v(z) = -103*z - 277. What is the tens digit of v(-7)?
4
Let w be (-1)/2 - (-14)/4. Suppose -w*s = -5*s - 20. Let j = s + 17. What is the units digit of j?
7
Let q be -2 - (-1 - (-2)/(-2)). Suppose 5*n + 148 - 43 = q. Let p = 50 + n. What is the tens digit of p?
2
Let r(i) = -i**3 - 8*i**2 - 7*i + 24. Let v be r(-8). Let y be (4 - 3)/(2/8). Suppose y*s = 4*h + v, s - 112 = -4*s - h. What is the tens digit of s?
2
What is the hundreds digit of 0 + 813 - (-5 - (-5 + 5))?
8
Let z(y) = y**2 - 3. Suppose -3*f = -5*i - 1, i = f + 1 - 0. Let j be z(f). Suppose 3*n + 5*a = 124, -4*n - 5*a = -j*n + 41. What is the units digit of n?
3
Let i(x) = 2*x**3 - 15*x**2 + 8*x - 6. Let r be i(7). Let b(v) = 101*v**3 + v**2 + 3*v - 5. What is the units digit of b(r)?
0
Let t(j) = 7*j**2 - 34*j + 16. What is the hundreds digit of t(10)?
3
Suppose -6 = 2*g, -4*l + 3*g = 6*g + 33. Let m be 305/(-10) - 3/l. Let d = 34 - m. What is the tens digit of d?
6
Let q(o) = 359*o + 25. What is the hundreds digit of q(2)?
7
Let k(z) = -9*z. Let u(a) = -37*a + 1. Let m(o) = 9*k(o) - 2*u(o). Suppose -2*h + 4*h + 1 = i, 2 = -4*i + 5*h. What is the tens digit of m(i)?
1
Suppose 0 = -7*x + 2479 - 85. Suppose -29*s + 26*s + x = 0. What is the tens digit of s?
1
Suppose -14*v + 16 = -16*v. Let k be 8/v + 4 + -1. Suppose -k*m = -5*m + 90. What is the tens digit of m?
3
Suppose 0 = 4*b - 2*b + r - 3, -15 = -3*b - 5*r. Suppose b = -s + 27 + 31. What is the units digit of s?
8
Suppose 0 = -24*v + 2124 + 4332. What is the hundreds digit of v?
2
Suppose -5*k - 8 = 5*d - 63, 2*k = 4*d - 8. Suppose 5*a - k = 8*a. What is the units digit of (-23)/a - 13/(-26)?
2
What is the tens digit of 4888/10 - (1 + (-42)/35)?
8
Let b(g) = 14*g**2 - 6*g + 2. Let r be b(12). Suppose -q - 2*v + 4*v = -491, -4*q + r = v. Suppose -7*d = -q + 95. What is the tens digit of d?
5
Let v(p) = 4*p**3 + 8*p**2 + 9*p - 53. What is the tens digit of v(9)?
9
Let r be 0/4 - (1 + 0). Let t be (-1475)/35 + r/(-7). Let s = t + 86. What is the tens digit of s?
4
Let h = 997 + -652. What is the hundreds digit of h?
3
Let h(g) = 1854*g**3 - 2*g**2 - g + 1. What is the hundreds digit of h(1)?
8
Let u(s) = 12*s**2 - 3*s + 2. Let i be u(1). Suppose -16*w + i*w + 490 = 0. What is the units digit of w?
8
Let a(c) = c + 11. Let k(r) = -3*r - 32. Let w(x) = -11*a(x) - 4*k(x). What is the tens digit of w(6)?
1
Suppose -2*r + 4*o + 4 = -6*r, 5*r = o - 11. Let l(i) = 2*i**2 + i - 2. Let k be l(r). Suppose -k = 4*w, 4*x + 5*w = 3 - 0. What is the units digit of x?
2
Suppose -5*f + 4 + 6 = 0. Suppose 4*c = f*c + 4*l + 286, c + l - 146 = 0. Suppose 3*y + s - c = 0, -3*s + 0*s + 3 = 0. What is the units digit of y?
8
Suppose -6*x + 5*x + 20 = 0. Suppose -25*o + 230 = -x*o. What is the units digit of o?
6
Let i be (1/3)/(9/162). Let a(t) = 2*t**2 - 8*t + 14. What is the units digit of a(i)?
8
Suppose 0 = 6*c + 39 + 9. Let o = 10 + -11. Let g = o - c. What is the units digit of g?
7
Let p(g) be the third derivative of g**4/12 - 2*g**3/3 - 8*g**2. Let z be p(2). Suppose -38 = -z*i - i. What is the tens digit of i?
3
Let f(v) = 3*v + 184. What is the units digit of f(2)?
0
Let s(y) = -y**2 + 3*y. Let o be s(3). Suppose 3*a - 5*k = 61, -3*a - k + 13 + 36 = o. What is the units digit of a?
7
What is the units digit of (-46)/(-161) + 458/14?
3
Let r = 9 - 0. Let y = r + -11. Let z(h) = -4*h**3 - h**2 + 2*h. What is the units digit of z(y)?
4
Suppose 0 = -5*q + 1999 + 1686. What is the tens digit of q?
3
Suppose b = -3*b + 48. Let a(j) = 33*j - 32*j + 11 + 5. What is the units digit of a(b)?
8
Let r be 1 + 3 - (0 - 4). Suppose -5*h + 3*b = -r, 2*h = h - 4*b - 3. What is the units digit of h?
1
Let b(a) = -a**3 + a - 2. Let h be (-13)/5 + (-9)/(-15). Let v be b(h). Suppose -3*l = -2*m - 83, -141 = -l - 4*l + v*m. What is the units digit of l?
5
Let r = 924 - -2895. What is the thousands digit of r?
3
Let c = -24 + 98. Suppose 2*w - 292 = -m - c, 4*m = 3*w + 828. What is the units digit of m?
0
What is the units digit of (4 - 2)/(18/90)?
0
Let k = -3054 - -4548. Suppose k = 3*n + 6*n. What is the hundreds digit of n?
1
Suppose -f = -5, -3*u = -5*f + f - 1189. What is the hundreds digit of u?
4
Suppose -23*k = -4*k - 76. What is the units digit of k?
4
Suppose 6*x = 4*x + 6. Suppose -485 + 95 = -x*g. Let q = -77 + g. What is the tens digit of q?
5
Let i = 12 - -18. Let x = 94 - i. What is the units digit of x?
4
Suppose q - 10 = -q. Suppose 6*r = q*r + 3*c, 2*r + c + 7 = 0. Let w = 2 - r. What is the units digit of w?
5
Let n be (-3 + 2 - -91) + 3. Suppose -3*z + 95 = 5*y + 2*z, -5*y = 3*z - n. What is the tens digit of y?
1
Let z = 90 - 41. Suppose -187 = -2*f - z. What is the tens digit of f?
6
Suppose 4*n + c = 221, 0 = 11*n - 8*n - 2*c - 174. What is the units digit of n?
6
Suppose 0 = 11*o - 14*o - 99. Let u = 62 + -117. Let s = o - u. What is the units digit of s?
2
Let p(g) = 43*g**2 - 1. Suppose -12*l + 2 = -11*l. Suppose 0 = -l*x + 4 - 2. What is the tens digit of p(x)?
4
Let b = 33 + -21. Let z = 85 + -71. Suppose -4*h = m - z, -4*m - b = -2*h + h. What is the units digit of h?
4
Let p = -17 + 519. What is the tens digit of p?
0
Let o be (1 - -1)/((-22)/(-759)). Suppose -5*n + o = -2*n. What is the units digit of (-1)/(n/24 + -1)?
4
Let l be -2*((-4)/8 - 3). Let u(v) = -v**3 + 10*v**2 - 24. What is the tens digit of u(l)?
2
Let b(w) = -w**2 - 3*w + 14. Let l be b(-14). Let f = -75 - l. What is the units digit of f?
5
Let h(d) = -107*d - 186. What is the units digit of h(-10)?
4
What is the thousands digit of (-2)/5 + 5/((-125)/(-32635))?
1
Suppose -w - 40 = -3*w. Suppose -345 = -5*o - 0*b + 5*b, 0 = 4*b + w. What is the units digit of o?
4
Suppose -3*d - 2*d = -215. Suppose 56 = 5*n + 2*b, 4*n - d = -3*b + 2*b. What is the tens digit of n?
1
Let j(a) = 26*a + 9. Let h be j(-4). Let x = h + 171. What is the tens digit of x?
7
Let d(a) = -2*a**3 - 18*a**2 + a + 6. What is the tens digit of d(-11)?
7
Suppose 11*r - 23616 = 17876. What is the units digit of r?
2
Let j = 24 + -19. Suppose 0 = j*c + 218 + 22. Let f = 67 + c. What is the tens digit of f?
1
Let s be 75/3 - ((7 - 4) + -3). Let v = 53 - s. What is the units digit of v?
8
Suppose 0*g = -g + 5*s + 585, -2362 = -4*g - 2*s. What is the hundreds digit of g?
5
Let s be (-4)/10 - (-48)/(-5). Let w = 10 + s. Suppose 4*t + 5*o - 6 = w, 0*t + 3*o = 5*t - 26. What is the units digit of t?
4
Suppose -r + 5*u + 144 = 2*u, -2*u + 788 = 5*r. Suppose 20*h - r = 16*h. What is the units digit of h?
9
Let m = 1417 + 99. What is the tens digit of m?
1
Suppose -4*h + 4*n = -348, 5*n + 10 = 3*n. Let s = h + -58. Let b = s - 15. What is the units digit of b?
9
Let r(v) = -v**3 + 4*v**2 - 4*v + 3. Let f be r(3). Suppose 0*k - 2*k - 4*b - 18 = f, k = b + 6. What is the units digit of k?
1
Let t be (-78)/(-10) - (-1)/5. Suppose -19*x = -15*x - t. What is the tens digit of (-39)/x*(-32)/16?
3
Suppose -2*m + 4*m = 4. Suppose 4*j + 14 = -m*u, -5*j + 4 - 18 = -u. Let i = j - -17. What is the tens digit of i?
1
Suppose c - m = 1973, 0 = 3*c - 50*m + 48*m - 5914. What is the thousands digit of c?
1
Suppose -h - z + 12524 = 4*h, 2*h + 5*z = 5005. What is the thousands digit of h?
2
Suppose -9196 - 7424 = -60*b. What is th